- 4*s(t). Let d be b(1). Calculate the highest common divisor of d and 1.
1
Let y(o) = -o**2 + 16*o + 12. Let g be y(16). Let v = 54 - 36. What is the highest common divisor of v and g?
6
Let g = -10 - -18. Let h = 60 + -28. What is the greatest common factor of h and g?
8
Let k(f) = f**3 + f - 2. Let a be k(2). Let q(o) = o**3 - 2*o**2 - 5*o. Let t = 9 - 5. Let m be q(t). Calculate the greatest common divisor of m and a.
4
Suppose -2*l + 6 = -2. Suppose l*b - 46 = 3*b. Suppose z - 5*r = -0*z + 8, 2*z = 4*r + b. What is the highest common divisor of z and 3?
3
Let g(l) = l. Let f be g(4). Suppose 0*j + 5*t = j - 7, -j + 2*t = -f. Suppose 0 = -0*h + j*h - 28. What is the highest common factor of 126 and h?
14
Let s be (1/(-3))/((-2)/426). Let c = s + -50. Suppose 3*p - 5*r = c, -p + 4*r = -5*p + 60. Calculate the greatest common factor of 84 and p.
12
Let l(z) = z + 21. Let j be l(7). Calculate the greatest common factor of 196 and j.
28
Let x(j) be the second derivative of -j**3/3 + 5*j**2/2 - 4*j. Let d be x(-4). Calculate the greatest common factor of 13 and d.
13
Let d be 4 + 0 + 6/(-2) + 4. Calculate the highest common factor of 5 and d.
5
Let q = -14 - -22. Calculate the greatest common factor of q and 4.
4
Let h be 8/3 + (-5)/(-15). Suppose 0 = n + h*q - 27, -q + 4*q = 15. Calculate the highest common divisor of n and 96.
12
Suppose 4*s - 309 = -3*g, 5*s + 3*g + 44 = 431. What is the greatest common factor of s and 195?
39
Let a be (-6)/3 + 3/(-1). Let p be -2*(a - (-9)/3). Calculate the greatest common divisor of 2 and p.
2
Let v = -11 - -25. Calculate the highest common divisor of 84 and v.
14
Suppose -3*u + 33 = 3*w, u = 5*w - 71 + 22. Let q = 21 + -7. Suppose -3*r + 23 = 4*o - q, 5*r = 4*o + 83. What is the highest common divisor of r and w?
5
Let a = -3 - -2. Let o(p) = 6*p**2 + p. Let q be o(a). Let g = -10 - -11. What is the highest common factor of q and g?
1
Let n be 3338/8 - 18/(-96)*4. Calculate the greatest common divisor of 38 and n.
38
Let h = 13 + -5. Calculate the highest common factor of 16 and h.
8
Let n(s) = -s**3 + 16*s**2 - 18*s + 13. Let k be n(14). What is the greatest common divisor of k and 17?
17
Let i(k) = -3*k + 2. Suppose -g + 2 + 1 = 0. Let o be i(g). Let x be 14/49 + (-838)/o. Calculate the greatest common factor of x and 15.
15
Let h(q) = -7*q - 32. Let z be h(-12). Let p = 1 + 12. Calculate the highest common divisor of p and z.
13
Let b be 3/(-2)*(-6)/3. Suppose b*l = -2*l + 20. What is the greatest common factor of 32 and l?
4
Suppose 5*v - 135 = 2*v. What is the greatest common divisor of 30 and v?
15
Let i be 2*9/(-12)*6. Let k(l) = l + 13. Let n be k(i). Calculate the highest common factor of n and 32.
4
Let s = 46 + -30. Calculate the highest common divisor of s and 64.
16
Let u be (-6)/10 + (-2)/(10/(-83)). What is the greatest common factor of u and 56?
8
Let a(d) = -3*d + 3. Let q be a(-4). Suppose q = -j + 6*j. Suppose 0 = x - 0*x - j. What is the greatest common factor of x and 1?
1
Let q(u) = u + 2. Let s be q(3). Let r be (-2)/s + (-1020)/(-50). What is the highest common factor of r and 10?
10
Suppose 0 = 12*t - 104 - 148. What is the highest common factor of t and 168?
21
Suppose -4*h + 2*k + 127 = 3*k, h - k = 33. What is the greatest common factor of h and 16?
16
Suppose 0*a + 4*a = 24. What is the highest common divisor of 12 and a?
6
Suppose 2*b = -2*x + 6, -2*b + 0 = x - 6. Suppose -b*j + 37 - 15 = w, 0 = 3*j - 9. Let r = 356 - 213. Calculate the greatest common divisor of w and r.
13
Let k = 3 - 10. Let q be (-1 + 2)*26/2. Let y = q + k. Calculate the greatest common factor of 66 and y.
6
Suppose -b = -4*b + 24. Suppose m = -0*m + b. Let v be (-24)/(-14)*14/2. Calculate the greatest common factor of v and m.
4
Let g(t) = -35*t + 1. Let l(p) = p - 1. Let z be l(0). Let r be g(z). Let x(s) = 6*s**2 - s - 1. Let b be x(-1). What is the highest common factor of b and r?
6
Let i = 25 - 9. Calculate the highest common divisor of 80 and i.
16
Suppose 144 = 2*g - 0*g. Suppose -b + g = b. Calculate the greatest common factor of 18 and b.
18
Suppose 2*b + 2*b - 44 = 0. Let q(g) = -8*g + 33. Let i be q(-11). Calculate the greatest common factor of i and b.
11
Let f be 2 + 0 + -15 + -2. Let j = f + 9. Let u be (-1)/(-3) - 1120/j. What is the highest common factor of u and 17?
17
Let j be (-9 - 1) + -2 + 4. Let c be j/2*27/(-12). Suppose -o = 2*b + 3*o - 142, -3*b - 3*o + 228 = 0. What is the greatest common divisor of c and b?
9
Let r be 12/1 - (3 + -6). Suppose 5*j - 4*y + 19 = 0, -r = -2*j + 3*j + 2*y. Let b = 11 + j. Calculate the highest common divisor of b and 10.
2
Let q be (-1 - -1) + 66/1. Let o be 8/28 - q/(-14). Suppose o*r - r = 192. Calculate the highest common factor of 12 and r.
12
Suppose 3*k + 2*a = -3*a + 155, -5*k = 5*a - 275. Let x be 23 + -1*(-1 - 0). Calculate the highest common divisor of k and x.
12
Let j be (1*2)/(2/5). Suppose -j*g + 36 + 39 = 0. Suppose 4*o - 9 = g. Calculate the highest common factor of 6 and o.
6
Suppose 12 = -3*n + 7*n, 2*n - 21 = -5*w. Let f be 2 + (-4)/2*33. Let q = -31 - f. Calculate the greatest common divisor of q and w.
3
Let f(p) = p + 5. Let n be 10/((-1)/(-2 + 1)). Let i be f(n). Let m = 8 + -5. What is the highest common divisor of m and i?
3
Suppose j + 2 + 6 = m, 0 = 4*m + j - 7. Suppose -3*i = 4*s - 118 + 33, 3*i - 84 = -m*s. What is the greatest common factor of i and 18?
9
Suppose 0 = a + 2*a - 6. Suppose -2*s = -3*s - c + 17, -a*c = 10. Suppose 0 = -5*b + 23 + s. What is the highest common divisor of b and 36?
9
Let w = -6 - -69. What is the highest common factor of 7 and w?
7
Let y be 3 + -1 - (-3 - 1). Suppose 3*u + 0*u - y = 0. Calculate the highest common factor of 5 and u.
1
Let a(v) = -v + 18. Let k be a(8). Suppose 0 = -0*m - 2*m + k. Calculate the greatest common divisor of 35 and m.
5
Suppose 0*o - 4*o = 0. Suppose -3*k + 3 = o, 3*p + 6 = -k - 2. Let f be -1 + 45 + (-3)/p. What is the highest common factor of f and 9?
9
Let w(p) = 3*p. Let n be w(5). Suppose b = 2*r + 6, 0 = -2*b - r + n + 17. Let z be (-3 + (-2)/(-4))*-14. What is the highest common factor of z and b?
7
Suppose 0 = v, -4*c + 12 = v - 2*v. Let f(t) = 2*t + 4. Let n be f(c). Calculate the highest common factor of 20 and n.
10
Suppose -2*c + 5*d - 24 = 0, 4*c + 89 = -c - 2*d. Let g = 31 + c. Suppose -45 = -5*p + 165. What is the greatest common divisor of p and g?
14
Let a(v) = 2 - v**3 - 3*v**2 - 5*v**3 + v**3. Let p be a(-2). Suppose -24 = -3*z + z. Calculate the highest common divisor of p and z.
6
Suppose 0*r - 1590 = -6*r. Calculate the highest common divisor of 106 and r.
53
Suppose -4*y + 3*c + 44 = 0, c - 2 - 16 = -y. Calculate the greatest common divisor of y and 14.
14
Suppose -5*r = 4*j - 4, 3*r = -3*j + 4 - 1. Calculate the highest common factor of 2 and j.
1
Let c be (-7 + 31)*(2 - 1). Calculate the highest common factor of c and 60.
12
Let z(c) = -c**2 + c + 8. Let w be z(0). What is the highest common factor of 72 and w?
8
Suppose 4*d = 3 + 69. Let a(v) = -v**3 + 18*v**2 + 22*v - 3. Let k be a(19). What is the highest common factor of k and d?
18
Suppose 2*x - 4*x = 0. Suppose x*c = 3*c - 6. What is the greatest common divisor of 10 and c?
2
Let w(g) = g**3 + 5*g**2 + 6. Suppose -f - 9 = -4. Let l be w(f). Calculate the highest common factor of l and 9.
3
Suppose 0 = -4*q - q + 10. Let b = 1 + q. Suppose -b*t - 4 + 103 = 0. Calculate the greatest common factor of t and 3.
3
Suppose -2*i = -10, 0 = -2*z - 0*z + 3*i + 969. Let k be z/27 - (-2)/(-9). Let q(a) = -5*a + 2. Let o be q(-5). What is the greatest common factor of k and o?
9
Suppose 0*m - 204 = -3*m. Suppose -5*q + 56 = k, 5*q - 280 = -5*k - 0*q. Let r = -39 + k. Calculate the highest common divisor of r and m.
17
Suppose 0 = k + 2 - 9. Suppose 11 + 12 = x. Let n be 0 + 3 - (k - x). Calculate the greatest common divisor of 19 and n.
19
Let h(y) = -y - 1. Let m be h(-1). Suppose -t = -m*t - 3. Suppose 0*q + q - 6 = -4*r, 18 = t*q - 3*r. What is the greatest common divisor of 24 and q?
6
Suppose 2*n + 5*f - 19 = 0, -n - 8 = n - 4*f. Suppose 110 = -n*z + 310. What is the highest common factor of 40 and z?
20
Let q = 11 + -8. Suppose 0 = q*d - d - 4. What is the highest common factor of d 